 - -8. Suppose -12 = -y*w, -7*w + 9*w + 4 = 5*n. What are the prime factors of n?
2
Let k = 64893 + -34170. List the prime factors of k.
3, 7, 11, 19
What are the prime factors of (-8)/((-12)/(54/9)) + 5889?
71, 83
Let g(b) = 2*b**2 + b - 20. Let l(t) = 11*t - 93. Let o be l(9). List the prime factors of g(o).
2, 29
Suppose n - s + 3*s = 197, 2*s - 579 = -3*n. Let z = n - 176. What are the prime factors of z?
3, 5
List the prime factors of (-1189584)/(-63) + (-4)/14.
2, 3, 1049
List the prime factors of (3/2 + -5)*((-44536)/14)/1.
2, 19, 293
Let z(h) = h**3 - 31*h**2 + 10*h - 232. List the prime factors of z(35).
2, 13, 193
Suppose z - 435 = -5*c, -3*z + 435 = 5*c - z. Let p be (4/8)/(2/(-124)). Let h = c + p. What are the prime factors of h?
2, 7
Suppose 4*n - 12*n + 176 = 0. Let k = 18 - n. Let j = 93 + k. What are the prime factors of j?
89
Let y be ((-2126)/(-4))/(1/2). Let s be (y - (8 - 13)) + 6/2. Suppose 5*d + 2*d - s = 0. List the prime factors of d.
3, 17
Let u(q) be the first derivative of q**4/4 - 14*q**3/3 + 7*q**2/2 - 10*q - 1. Let y = 26 + -12. What are the prime factors of u(y)?
2, 11
What are the prime factors of (945/(-252))/(12/(-36368))?
5, 2273
Let q(f) = f**3 - 2*f**2 - 11*f + 559. Let o(l) = 3*l**3 - 5*l**2 - 21*l + 1119. Let d(x) = -2*o(x) + 5*q(x). What are the prime factors of d(0)?
557
Suppose 2 = -k + 7. Suppose -f + k*g + 587 = 217, -3*f + 5*g = -1110. Suppose -4*t + f = t + 5*z, -5*t = -5*z - 350. List the prime factors of t.
2, 3
Let d(y) = -y**2 + 9*y. Let p be d(7). Let g(x) = -x**3 + 15*x**2 - 15*x + 17. Let h be g(p). Suppose h*s + 80 = 359. List the prime factors of s.
3, 31
Let l(y) = -y**3 - y**2 - 8*y - 45. Let r be l(-9). Let w = -229 + r. List the prime factors of w.
2, 223
Let h be -6 + 5/((-40)/(-8608)). Let q = -719 + h. List the prime factors of q.
3, 13
Let h(k) be the third derivative of -11*k**4/2 + 26*k**3/3 - k**2 + 115. What are the prime factors of h(-6)?
2, 211
Suppose 320 = 197*v - 198*v. Let y(o) = -3*o**3 + 3*o - 4. Let i be y(3). Let s = i - v. What are the prime factors of s?
2, 61
Suppose -42*z = -34*z - 48. What are the prime factors of (-1)/((-511)/3237 - z/(-39))?
3, 83
Let a = -14196 - -21244. What are the prime factors of a?
2, 881
Let w(d) be the first derivative of 4/3*d**3 + d + 1 + 2*d**2 - 2*d**4. List the prime factors of w(-1).
3
Suppose -8 = -2*t - 4*g + 2*g, -4 = 3*t - g. What are the prime factors of 263 + t + (3 - 8)?
2, 3, 43
Let r be 1 + -4 + 45/(1/(-1)). Let w = -173 - r. Let p = -14 - w. What are the prime factors of p?
3, 37
Let l(f) = f**3 - 95*f**2 - 207*f + 693. What are the prime factors of l(100)?
89, 337
Let l(p) = -33038*p - 130. Let r be l(-4). List the prime factors of r/132 + 5/6.
7, 11, 13
Suppose -3*j = -15, -12*j + 367 = 2*i - 15*j. Let k = i - -562. List the prime factors of k.
3, 251
Suppose 17*p + 37 = 3. List the prime factors of ((-51)/p)/((-30)/(-740)).
17, 37
Suppose 5*q = 2*f - 5*f + 21783, q - 4353 = 3*f. Suppose -47 = -17*p + q. List the prime factors of p.
7, 37
Suppose 2*y = 8*y - 48. Suppose y = 4*i, k + 4*i = -0*i + 248. Let x = k - 169. What are the prime factors of x?
71
Let g(k) = 35*k**2 - 15*k**2 - 5*k + 11*k**2 + 9. Suppose 16 - 4 = 6*h. List the prime factors of g(h).
3, 41
Suppose 5*r - 186353 = 3*v, r - 13*v = -10*v + 37273. List the prime factors of r.
2, 5, 3727
Suppose 4*h + 6*i = 2*i - 32, -2*h - 3*i - 21 = 0. Let n be h/(3 + 3*(-948)/944). Let v = n + -166. What are the prime factors of v?
2, 5, 7
Let c(i) = i**2 - 7*i - 3. Let r be c(8). Suppose r*y = -3*x + 15, 3*x - x - 10 = 4*y. Suppose -x*f = -3*f - 64. What are the prime factors of f?
2
Suppose 3*c - 5*r = -78, 4*c - 6*c - 5*r = 52. Let t = 78 + c. List the prime factors of t.
2, 13
Let j(c) = -46*c - 4. Let p be j(-15). Let y = 488 - p. Let k = 333 + y. What are the prime factors of k?
3, 5
Let r(o) = -2*o**3 + 15*o**2 + 12*o + 49. List the prime factors of r(-12).
5521
Suppose 10*y - 26896 = 9364. List the prime factors of y.
2, 7, 37
Let v(l) be the first derivative of l**3/3 - l**2 + 441*l - 13. Let r be v(0). Suppose 0 = -4*k - d + r, 0*d - 1 = -d. List the prime factors of k.
2, 5, 11
List the prime factors of 1035/((6/(-5)*(-2)/(-2))/(-8)).
2, 3, 5, 23
Suppose 2*a = -2*a + 4, -5*a = -3*l + 880. Suppose -584 = -4*x + 4*b, 2*x + 4*b - l = 3*b. List the prime factors of x.
3, 7
Let s(n) = -n**3 + 8*n**2 + 4*n + 11. Let x(j) = -2*j - 2*j - 2*j**2 + j**2 + 2 - 3*j. Let d be x(-6). List the prime factors of s(d).
43
List the prime factors of (58948 + -70)*(-4)/(-12).
2, 3, 3271
Suppose -3*b - b + l + 800 = 0, 2*b - 4*l = 386. Let m = b + 199. Suppose -6*f + f = -m. List the prime factors of f.
2, 5
Let i(g) = g**2 - 6*g - 25. Let w be i(9). Suppose 317 = 2*o - a, 5*o - w*a = 3*a + 805. Let c = 268 - o. What are the prime factors of c?
2, 7
Let p(k) = -16*k**2 - 75*k + 56*k**2 - 22*k**2 - 12 - 20*k**2. What are the prime factors of p(-16)?
2, 13
Let q be 44/6*(-9)/(-6). Let n(f) = -f**3 + 11*f**2 - f + 15. Let r be n(q). Suppose -p + 106 = 2*p + 4*v, -r = -v. List the prime factors of p.
2, 3, 5
Let h = 14035 + -6127. What are the prime factors of h?
2, 3, 659
Let n(k) = -21*k + 55. Let v be n(-9). Suppose -524 = -g - 3*g - 4*f, 4*f = 2*g - v. Suppose -6*p - 10*p + g = 0. List the prime factors of p.
2
Suppose -14 = -t - 5*n + 3, 5*t - 4*n = -2. Suppose -8 - 10 = y - 2*j, -t*y - 3*j - 36 = 0. Let p = y + 123. List the prime factors of p.
3, 5, 7
Let g(p) = -2*p + 1 - p**3 - 2*p + 12*p**2 - 2 - 1. Let v = 154 + -143. What are the prime factors of g(v)?
3, 5
Suppose -12*d = -32*d + 160. Suppose -d*m = -11*m + 357. What are the prime factors of m?
7, 17
Let g be (-16)/80 + (-57)/15. Let f(o) = 8*o - 2. Let l be f(3). Let p = l - g. List the prime factors of p.
2, 13
What are the prime factors of ((-28)/4)/(-42)*48/6*9987?
2, 3329
Let c = 17 + -5. Let p be ((-16)/c)/((-1)/3). Suppose 0*i - 260 = -p*m - 5*i, -4*i = 4*m - 260. What are the prime factors of m?
5, 13
Let a = 164 - 144. Suppose 0 = 22*g - a*g - 500. List the prime factors of g.
2, 5
Suppose 4*v + 3*d - 22391 = 0, 16*v - 2*d - 11178 = 14*v. What are the prime factors of v?
2, 2797
Let j be ((-5)/15*8)/((-4)/(-822)). Let h = j + 784. What are the prime factors of h?
2, 59
Let g = 15886 + -11189. What are the prime factors of g?
7, 11, 61
Let o(n) = 2099*n - 542. What are the prime factors of o(11)?
7, 3221
Let x(o) = 27*o**2 - 27*o - 1301. List the prime factors of x(-26).
127, 139
Let p(t) = 50*t + 22*t - 21*t + 7. Suppose -4*k + r = -13, -3*k - 7 + 12 = 4*r. List the prime factors of p(k).
2, 5
Let k = -229 + 333. Let g(x) = -x**3 + 6*x**2 + 4*x - 24. Let c be g(6). Suppose d = -c*d - v + k, -v - 490 = -5*d. List the prime factors of d.
3, 11
Let c be (-60)/(-36)*(3 + 0). List the prime factors of (-4 + c)*(675 + 4).
7, 97
Let x(i) = i**2 - 31*i - 106. Let o be x(34). Let u(c) = 15*c**2 + 3*c - 1. What are the prime factors of u(o)?
227
Let s(u) = -u**2 + 12*u + 3. Let d be s(-2). Let q = 136 + d. Suppose -3*t + q = -54. List the prime factors of t.
5, 11
Let d(h) = -2*h**2 - 17*h + 14. Let q be d(-9). Suppose q*l = f - 24, l + 5*f = -5 + 21. What are the prime factors of ((-9)/3 - -113) + l?
2, 53
Let b be (-2)/(-10)*1 - (-2847)/15. Suppose 8*x + 38 - b = 0. List the prime factors of x.
19
Let j = 209 - 204. Suppose j*i - 2*a = 473, 6*a - 4 = 7*a. What are the prime factors of i?
3, 31
Let f(j) = 31*j**2 - 37*j + 3. Let c be f(-5). Let x = -439 + c. Suppose 5*n - n - x = 0. List the prime factors of n.
131
Let a = 3 - -3. Let f(s) = 3*s**3 - 3*s**2 + 5. Let c be f(a). Suppose -3*g - 224 = -c. List the prime factors of g.
107
Let f = -361 + 317. List the prime factors of 29/(3 + f/15).
3, 5, 29
Let d(k) = -10*k + 17. Let n be d(9). Let m = n - -21. What are the prime factors of (-2 + m)*(-1 - 0)?
2, 3
Suppose -5*z = 33 + 152. Suppose 216 = -3*m - 2*x + x, -360 = 5*m + 5*x. Let p = z - m. What are the prime factors of p?
5, 7
Let t(j) = 36*j**2 + 180*j + 1838. List the prime factors of t(-11).
2, 7, 43
Suppose 50*y + 45*y = 5505347 - 806077. List the prime factors of y.
2, 24733
Let f = -22131 + 35879. What are the prime factors of f?
2, 7, 491
Let h be (-55)/(-10)*((-2)/(-1) - -80). Suppose -h - 85 = -4*d.